8 is divided by 131?
64
Calculate the remainder when 32 is divided by 9.
5
Calculate the remainder when 45 is divided by 17.
11
Calculate the remainder when 584 is divided by 13.
12
Calculate the remainder when 14999 is divided by 13.
10
What is the remainder when 250 is divided by 18?
16
What is the remainder when 649 is divided by 25?
24
What is the remainder when 126 is divided by 41?
3
What is the remainder when 706 is divided by 104?
82
What is the remainder when 43 is divided by 31?
12
Calculate the remainder when 377 is divided by 163.
51
Calculate the remainder when 1331 is divided by 30.
11
What is the remainder when 2020 is divided by 47?
46
Calculate the remainder when 5229 is divided by 154.
147
What is the remainder when 6352 is divided by 205?
202
What is the remainder when 848 is divided by 71?
67
Calculate the remainder when 137 is divided by 9.
2
Calculate the remainder when 578 is divided by 73.
67
What is the remainder when 824 is divided by 310?
204
Calculate the remainder when 3909 is divided by 8.
5
What is the remainder when 2586 is divided by 13?
12
What is the remainder when 22783 is divided by 64?
63
What is the remainder when 232 is divided by 59?
55
What is the remainder when 3827 is divided by 1273?
8
Calculate the remainder when 220 is divided by 15.
10
Calculate the remainder when 457 is divided by 10.
7
Calculate the remainder when 95 is divided by 25.
20
Calculate the remainder when 164 is divided by 83.
81
What is the remainder when 4049 is divided by 21?
17
What is the remainder when 2844 is divided by 32?
28
Calculate the remainder when 4975 is divided by 237.
235
Calculate the remainder when 95 is divided by 29.
8
Calculate the remainder when 78 is divided by 17.
10
Calculate the remainder when 810 is divided by 24.
18
Calculate the remainder when 1051 is divided by 264.
259
Calculate the remainder when 11 is divided by 9.
2
Calculate the remainder when 55 is divided by 19.
17
Calculate the remainder when 344 is divided by 89.
77
Calculate the remainder when 393 is divided by 79.
77
What is the remainder when 758 is divided by 123?
20
What is the remainder when 6299 is divided by 4?
3
What is the remainder when 640 is divided by 94?
76
Calculate the remainder when 226 is divided by 111.
4
Calculate the remainder when 2849 is divided by 42.
35
Calculate the remainder when 8003 is divided by 104.
99
Calculate the remainder when 3464 is divided by 18.
8
Calculate the remainder when 21 is divided by 6.
3
Calculate the remainder when 339 is divided by 76.
35
Calculate the remainder when 1124 is divided by 142.
130
What is the remainder when 48 is divided by 18?
12
Calculate the remainder when 608 is divided by 475.
133
What is the remainder when 259 is divided by 26?
25
What is the remainder when 28859 is divided by 111?
110
What is the remainder when 3757 is divided by 23?
8
What is the remainder when 495 is divided by 169?
157
Calculate the remainder when 1022 is divided by 90.
32
Calculate the remainder when 806 is divided by 54.
50
Calculate the remainder when 522 is divided by 75.
72
What is the remainder when 4098 is divided by 2044?
10
What is the remainder when 1729 is divided by 30?
19
What is the remainder when 20466 is divided by 46?
42
What is the remainder when 592 is divided by 66?
64
Calculate the remainder when 2425 is divided by 174.
163
What is the remainder when 207 is divided by 60?
27
Calculate the remainder when 347 is divided by 61.
42
What is the remainder when 218 is divided by 52?
10
What is the remainder when 345 is divided by 24?
9
What is the remainder when 54 is divided by 37?
17
What is the remainder when 1051 is divided by 15?
1
What is the remainder when 95 is divided by 16?
15
What is the remainder when 1248 is divided by 176?
16
What is the remainder when 257 is divided by 127?
3
Calculate the remainder when 473 is divided by 157.
2
What is the remainder when 673 is divided by 34?
27
Calculate the remainder when 1869 is divided by 40.
29
Calculate the remainder when 123 is divided by 15.
3
What is the remainder when 824 is divided by 164?
4
Calculate the remainder when 1198 is divided by 1198.
0
Calculate the remainder when 118 is divided by 31.
25
What is the remainder when 26200 is divided by 133?
132
Calculate the remainder when 781 is divided by 190.
21
Calculate the remainder when 271 is divided by 48.
31
What is the remainder when 1635 is divided by 14?
11
Calculate the remainder when 333 is divided by 32.
13
What is the remainder when 1340 is divided by 17?
14
Calculate the remainder when 213 is divided by 54.
51
What is the remainder when 1151 is divided by 64?
63
Calculate the remainder when 396 is divided by 57.
54
Calculate the remainder when 566 is divided by 184.
14
Calculate the remainder when 389 is divided by 108.
65
What is the remainder when 225 is divided by 93?
39
Calculate the remainder when 1484 is divided by 55.
54
What is the remainder when 73 is divided by 70?
3
What is the remainder when 454 is divided by 120?
94
Calculate the remainder when 403 is divided by 83.
71
Calculate the remainder when 1341 is divided by 96.
93
What is the remainder when 130 is divided by 26?
0
Calculate the remainder when 961 is divided by 65.
51
What is the remainder when 1860 is divided by 65?
40
Calculate the remainder when 239 is divided by 41.
34
What is the remainder when 18225 is divided by 31?
28
What is the remainder when 77 is divided by 45?
32
Calculate the remainder when 263 is divided by 53.
51
Calculate the remainder when 24720 is divided by 59.
58
What is the remainder when 832 is divided by 415?
2
Calculate the remainder when 26 is divided by 15.
11
Calculate the remainder when 518 is divided by 52.
50
What is the remainder when 1502 is divided by 15?
2
Calculate the remainder when 752 is divided by 117.
50
Calculate the remainder when 1669 is divided by 88.
85
What is the remainder when 142 is divided by 22?
10
What is the remainder when 285 is divided by 47?
3
What is the remainder when 4917 is divided by 129?
15
Calculate the remainder when 192 is divided by 39.
36
Calculate the remainder when 111 is divided by 19.
16
Calculate the remainder when 156 is divided by 29.
11
Calculate the remainder when 1052 is divided by 990.
62
Calculate the remainder when 131 is divided by 42.
5
What is the remainder when 415 is divided by 19?
16
What is the remainder when 1319 is divided by 55?
54
Calculate the remainder when 965 is divided by 4.
1
Calculate the remainder when 51 is divided by 16.
3
What is the remainder when 386 is divided by 111?
53
What is the remainder when 5052 is divided by 19?
17
Calculate the remainder when 138 is divided by 127.
11
Calculate the remainder when 97 is divided by 14.
13
What is the remainder when 361 is divided by 256?
105
Calculate the remainder when 175 is divided by 21.
7
Calculate the remainder when 189 is divided by 5.
4
Calculate the remainder when 313 is divided by 39.
1
Calculate the remainder when 2551 is divided by 35.
31
Calculate the remainder when 1097 is divided by 84.
5
Calculate the remainder when 11613 is divided by 176.
173
Calculate the remainder when 269 is divided by 15.
14
Calculate the remainder when 833 is divided by 166.
3
What is the remainder when 1212 is divided by 15?
12
Calculate the remainder when 804 is divided by 207.
183
What is the remainder when 487 is divided by 79?
13
What is the remainder when 489 is divided by 35?
34
Calculate the remainder when 2240 is divided by 125.
115
Calculate the remainder when 2538 is divided by 11.
8
What is the remainder when 1036 is divided by 61?
60
Calculate the remainder when 1066 is divided by 11.
10
What is the remainder when 260 is divided by 44?
40
What is the remainder when 59 is divided by 18?
5
What is the remainder when 86 is divided by 25?
11
What is the remainder when 4206 is divided by 465?
21
What is the remainder when 355 is divided by 4?
3
What is the remainder when 710 is divided by 82?
54
Calculate the remainder when 290 is divided by 156.
134
What is the remainder when 1802 is divided by 119?
17
What is the remainder when 217 is divided by 147?
70
What is the remainder when 631 is divided by 166?
133
Calculate the remainder when 31 is divided 